8379?
False
Is 118 a factor of 38468?
True
Is 20236 a multiple of 18?
False
Does 9 divide 756?
True
Does 20 divide 4418?
False
Is 18 a factor of 353?
False
Is 22 a factor of 84546?
True
Is 478 a multiple of 72?
False
Does 256 divide 3072?
True
Does 71 divide 3479?
True
Is 1669 a multiple of 132?
False
Is 3 a factor of 438?
True
Does 23 divide 191?
False
Does 17 divide 12614?
True
Is 8 a factor of 956?
False
Is 14 a factor of 112?
True
Does 38 divide 760?
True
Does 8 divide 1733?
False
Is 4 a factor of 152?
True
Is 43708 a multiple of 98?
True
Does 37 divide 17044?
False
Is 43 a factor of 23865?
True
Is 21 a factor of 295?
False
Is 50 a factor of 2545?
False
Does 6 divide 1086?
True
Is 23598 a multiple of 38?
True
Is 1536 a multiple of 24?
True
Is 44 a factor of 7278?
False
Does 21 divide 33493?
False
Is 5 a factor of 1729?
False
Is 105 a factor of 30870?
True
Is 6602 a multiple of 3?
False
Does 94 divide 8342?
False
Is 440 a multiple of 44?
True
Is 13 a factor of 44018?
True
Is 294 a multiple of 42?
True
Does 18 divide 161658?
True
Is 805 a multiple of 35?
True
Does 33 divide 1122?
True
Is 3105 a multiple of 45?
True
Is 17934 a multiple of 183?
True
Is 605 a multiple of 10?
False
Does 31 divide 775?
True
Is 28 a factor of 57204?
True
Is 190 a multiple of 19?
True
Is 61 a factor of 35430?
False
Is 11 a factor of 1931?
False
Does 6 divide 1508?
False
Is 3 a factor of 309?
True
Is 48854 a multiple of 13?
True
Does 114 divide 58589?
False
Is 145 a multiple of 46?
False
Does 45 divide 2790?
True
Is 4 a factor of 793?
False
Is 9 a factor of 24132?
False
Is 132 a factor of 1056?
True
Is 38 a factor of 1900?
True
Is 10478 a multiple of 31?
True
Does 40 divide 20280?
True
Does 75 divide 23325?
True
Is 7628 a multiple of 42?
False
Is 21507 a multiple of 10?
False
Is 41040 a multiple of 57?
True
Is 455 a multiple of 35?
True
Is 8 a factor of 341?
False
Is 948 a multiple of 12?
True
Is 4 a factor of 18460?
True
Is 7353 a multiple of 129?
True
Does 3 divide 138?
True
Is 57 a factor of 401?
False
Is 43186 a multiple of 22?
True
Is 2014 a multiple of 106?
True
Does 175 divide 21753?
False
Does 2 divide 7?
False
Is 8 a factor of 223?
False
Does 23 divide 365?
False
Is 4774 a multiple of 14?
True
Is 12 a factor of 202?
False
Is 144 a multiple of 3?
True
Is 676 a multiple of 8?
False
Is 48 a factor of 1631?
False
Does 190 divide 19380?
True
Is 6 a factor of 54?
True
Does 7 divide 287?
True
Is 494 a multiple of 8?
False
Is 28 a factor of 962?
False
Does 14 divide 392?
True
Is 13 a factor of 530?
False
Is 14476 a multiple of 4?
True
Is 12155 a multiple of 187?
True
Is 441 a multiple of 21?
True
Is 3136 a multiple of 32?
True
Is 74501 a multiple of 21?
False
Is 3888 a multiple of 16?
True
Is 10 a factor of 461?
False
Is 4 a factor of 1281?
False
Does 12 divide 432?
True
Is 13 a factor of 750?
False
Is 443 a multiple of 53?
False
Is 22433 a multiple of 67?
False
Does 23 divide 943?
True
Is 642 a multiple of 5?
False
Is 1036 a multiple of 17?
False
Does 23 divide 21714?
False
Is 924 a multiple of 33?
True
Is 5618 a multiple of 5?
False
Does 49 divide 5145?
True
Does 11 divide 3553?
True
Is 3618 a multiple of 9?
True
Is 4112 a multiple of 16?
True
Is 4353 a multiple of 52?
False
Is 1394 a multiple of 46?
False
Does 319 divide 56463?
True
Is 58 a factor of 37526?
True
Is 418 a multiple of 8?
False
Is 70 a factor of 27316?
False
Is 33894 a multiple of 42?
True
Does 105 divide 315?
True
Is 761 a multiple of 12?
False
Is 1848 a multiple of 33?
True
Is 5 a factor of 3060?
True
Does 26 divide 492?
False
Does 23 divide 23?
True
Is 41 a factor of 25871?
True
Does 27 divide 4582?
False
Is 5 a factor of 646?
False
Is 27 a factor of 162?
True
Does 47 divide 517?
True
Is 368 a multiple of 16?
True
Does 12 divide 69972?
True
Does 19 divide 15927?
False
Does 30 divide 2194?
False
Does 6 divide 1434?
True
Is 17 a factor of 765?
True
Is 760 a multiple of 10?
True
Does 45 divide 2097?
False
Is 535 a multiple of 107?
True
Does 39 divide 722?
False
Does 16 divide 563?
False
Does 9 divide 1691?
False
Is 112 a factor of 6241?
False
Is 8601 a multiple of 47?
True
Is 11 a factor of 2039?
False
Is 230 a multiple of 5?
True
Is 13 a factor of 32646?
False
Is 1225 a multiple of 12?
False
Is 778 a multiple of 87?
False
Is 3153 a multiple of 41?
False
Is 33 a factor of 20394?
True
Is 89 a factor of 7896?
False
Is 10 a factor of 91306?
False
Does 263 divide 12887?
True
Is 18737 a multiple of 79?
False
Is 750 a multiple of 5?
True
Does 13 divide 702?
True
Does 19 divide 19950?
True
Does 11 divide 3337?
False
Is 78329 a multiple of 79?
False
Is 24208 a multiple of 34?
True
Is 9044 a multiple of 133?
True
Is 3 a factor of 228?
True
Is 8632 a multiple of 83?
True
Does 7 divide 5682?
False
Does 132 divide 20994?
False
Is 21 a factor of 59064?
False
Does 53 divide 14658?
False
Does 53 divide 6519?
True
Is 41 a factor of 28108?
False
Is 41 a factor of 743?
False
Does 11 divide 438?
False
Does 11 divide 660?
True
Is 586 a multiple of 5?
False
Is 4967 a multiple of 59?
False
Does 2 divide 294?
True
Is 22 a factor of 33132?
True
Does 29 divide 17033?
False
Is 9 a factor of 362?
False
Does 10 divide 9000?
True
Does 19 divide 42238?
False
Is 6 a factor of 714?
True
Does 51 divide 921?
False
Is 5 a factor of 315?
True
Does 32 divide 1032?
False
Is 25 a factor of 7125?
True
Does 24 divide 8448?
True
Is 1404 a multiple of 78?
True
Is 260 a multiple of 4?
True
Is 120 a multiple of 10?
True
Does 24 divide 14306?
False
Does 157 divide 7222?
True
Does 35 divide 1995?
True
Is 40020 a multiple of 18?
False
Is 104 a factor of 3015?
False
Is 196 a multiple of 36?
False
Is 1899 a multiple of 9?
True
Does 29 divide 19198?
True
Is 10480 a multiple of 262?
True
Does 15 divide 1440?
True
Is 16458 a multiple of 211?
True
Is 20094 a multiple of 51?
True
Is 140 a multiple of 3?
False
Is 21645 a multiple of 39?
True
Is 98 a factor of 24101?
False
Is 15 a factor of 287?
False
Is 30 a factor of 2309?
False
Does 29 divide 2554?
False
Does 2 divide 1010?
True
Is 704 a multiple of 11?
True
Does 40 divide 484?
False
Is 10 a factor of 193?
False
Does 5 divide 103?
False
Is 7139 a multiple of 4?
False
Is 102 a factor of 7242?
True
Is 28 a factor of 1288?
True
Is 3534 a multiple of 62?
True
Is 4301 a multiple of 23?
True
Is 2176 a multiple of 17?
True
Is 1254 a multiple of 50?
False
Is 16 a factor of 2272?
True
Does 16 divide 55808?
True
Is 4772 a multiple of 25?
False
Is 17 a factor of 714?
True
Does 113 divide 248?
False
Is 5390 a multiple of 5?
True
Is 93 a multiple of 2?
False
Is 29 a factor of 261?
True
Is 17 a factor of 6511?
True
Is 40 a factor of 74784?
False
Does 12 divide 42049?
False
Is 2799 a multiple of 21?
False
Does 20 divide 1060?
True
Is 4636 a multiple of 17?
False
Does 15 divide 2145?
True
Does 6 divide 2624?
False
Is 22 a factor of 15810?
False
Is 20 a factor of 14000?
True
Does 29 divide 60470?
False
Is 8905 a multiple of 13?
True
Does 9 divide 1979?
False
Is 3008 a multiple of 11?
False
Does 4 divide 21144?
True
Is 19 a factor of 516?
False
Is 3963 a multiple of 10?
False
Is 3 a factor of 683?
False
Does 82 divide 1382?
False
Is 149 even?
False
Does 20 divide 561?
False
Does 114 divide 23300?
False
Does 2 divide 198?
True
Is 79684 a multiple of 11?
True
Does 16 divide 119099?
False
Does 13 divide 1191?
False
Is 3096 a multiple of 85?
False
Is 552 a multiple of 12?
True
Is 55 a factor of 506?
False
Does 9 divide 27?
True
Is 87 a factor of 348?
True
Is 22 a factor of 1885?
False
Is 108 a factor of 4227?
False
Does 5 divide 7930?
True
Is 14216 a multiple of 134?
False
Is 22 a factor of 1232?
True
Does 2 divide 299?
False
Is 16 a factor of 613?
False
Is 1295 a multiple of 8?
False
Does 51 divide 2358?
False
Does 15 divide 101221?
False
Does 231 divide 35343?
True
Does 10 divide 620?
True
Is 14 a factor of 8982?
False
Is 12 a factor of 528?
True
Is 10202 even?
True
Is 10530 a multiple of 10?
True
Is 44 a factor of 968?
True
Does 123 divide 1346?
False
Does 98 divide 19405?
False
Is 97693 a multiple of 463?
True
Is 14 a factor of 41503?
False
Is 1176 a multiple of 12?
True
Is 58553 a multiple of 56?
False
Is 20 a factor of 900?
True
Is 23225 a multiple of 25?
True
Is 42 a factor of 5194?
False
Is 53 a factor of 2756